{"id":15631,"date":"2023-12-29T15:40:18","date_gmt":"2023-12-29T15:40:18","guid":{"rendered":"https:\/\/masazasara.com\/?page_id=15631"},"modified":"2023-12-29T15:43:11","modified_gmt":"2023-12-29T15:43:11","slug":"o-nama","status":"publish","type":"page","link":"https:\/\/masazasara.com\/index.php\/o-nama\/","title":{"rendered":"O nama"},"content":{"rendered":"\t\t<div data-elementor-type=\"wp-page\" data-elementor-id=\"15631\" class=\"elementor elementor-15631\">\n\t\t\t\t<div class=\"elementor-element elementor-element-7987456 e-flex e-con-boxed wd-section-disabled e-con e-parent\" data-id=\"7987456\" data-element_type=\"container\" data-e-type=\"container\">\n\t\t\t\t\t<div class=\"e-con-inner\">\n\t\t<div class=\"elementor-element elementor-element-e248e7d e-con-full e-flex wd-section-disabled e-con e-child\" data-id=\"e248e7d\" data-element_type=\"container\" data-e-type=\"container\">\n\t\t\t\t<\/div>\n\t\t<div class=\"elementor-element elementor-element-944cac1 e-con-full e-flex wd-section-disabled e-con e-child\" data-id=\"944cac1\" data-element_type=\"container\" data-e-type=\"container\">\n\t\t\t\t<div class=\"elementor-element elementor-element-a08c5b0 elementor-widget elementor-widget-wd_text_block\" data-id=\"a08c5b0\" data-element_type=\"widget\" data-e-type=\"widget\" data-widget_type=\"wd_text_block.default\">\n\t\t\t\t<div class=\"elementor-widget-container\">\n\t\t\t\t\t\t\t<div class=\"wd-text-block reset-last-child text-left\">\n\t\t\t\n\t\t\t<div class=\"elementor-element elementor-element-956d025 e-con-full e-flex wd-section-disabled e-con e-child\" data-id=\"956d025\" data-element_type=\"container\" data-settings=\"{&quot;content_width&quot;:&quot;full&quot;}\"><div class=\"elementor-element elementor-element-64e92e6 elementor-widget elementor-widget-wd_text_block\" data-id=\"64e92e6\" data-element_type=\"widget\" data-widget_type=\"wd_text_block.default\"><div class=\"elementor-widget-container\"><div class=\"wd-text-block reset-last-child text-left\"><p>Salon Sara je saveznik mnogima\u00a0 u njihovoj \u017eelji za negovanim i zdravim izgledom. Svakom klijentu pristupamo individualno i srda\u010dno, pru\u017ee\u0107i profesionalnu usluge. To mo\u017ee biti \u017eelja za trenucima opu\u0161tanja u ugodnom ambijentu uz masa\u017eu ili potreba za uslugama koji doprinosei zdravlju i lepoti. Salon Sara ima iskustvo vi\u0161e od 15 godina rada u Srbiji i Crnoj Gori. Posetite nas i proverite zbog \u010dega nam se klijenti uvek vra\u0107aju.<\/p><\/div><\/div><\/div><\/div>\n\t\t\t\t\t<\/div>\n\t\t\t\t\t\t<\/div>\n\t\t\t\t<\/div>\n\t\t\t\t<div class=\"elementor-element elementor-element-c2b0502 elementor-widget elementor-widget-wd_images_gallery\" data-id=\"c2b0502\" data-element_type=\"widget\" data-e-type=\"widget\" data-widget_type=\"wd_images_gallery.default\">\n\t\t\t\t<div class=\"elementor-widget-container\">\n\t\t\t\t\t\t\t<div class=\"wd-images-gallery wd-justify-center wd-items-middle view-masonry photoswipe-images\" >\n\t\t\t<div class=\"gallery-images row wd-spacing-10\">\n\t\t\t\t\t\t\t\t\t\t\t\t\t\t<div class=\"wd-gallery-item  col-lg-20_0 col-md-3 col-6\">\n\t\t\t\t\t\t\t\t\t\t\t\t\t<a  href=\"https:\/\/masazasara.com\/wp-content\/uploads\/2023\/12\/salon-za-masazu-Sara-8.jpg\"data-width=\"738\" data-height=\"1599\" data-index=\"1\" data-elementor-open-lightbox=\"no\">\n\t\t\t\t\t\t\n\t\t\t\t\t\t<img decoding=\"async\" src=\"https:\/\/masazasara.com\/wp-content\/uploads\/2023\/12\/salon-za-masazu-Sara-8-369x800.jpg\"alt=\"salon-za-masazu-Sara-8\">\n\t\t\t\t\t\t\t\t\t\t\t\t\t<\/a>\n\t\t\t\t\t\t\t\t\t\t\t<\/div>\n\t\t\t\t\t\t\t\t\t\t\t\t\t\t\t<div class=\"wd-gallery-item  col-lg-20_0 col-md-3 col-6\">\n\t\t\t\t\t\t\t\t\t\t\t\t\t<a  href=\"https:\/\/masazasara.com\/wp-content\/uploads\/2023\/12\/salon-za-masazu-Sara-2.jpeg\"data-width=\"1599\" data-height=\"1599\" data-index=\"2\" data-elementor-open-lightbox=\"no\">\n\t\t\t\t\t\t\n\t\t\t\t\t\t<img decoding=\"async\" src=\"https:\/\/masazasara.com\/wp-content\/uploads\/2023\/12\/salon-za-masazu-Sara-2-800x800.jpeg\"alt=\"salon-za-masazu-Sara-2\">\n\t\t\t\t\t\t\t\t\t\t\t\t\t<\/a>\n\t\t\t\t\t\t\t\t\t\t\t<\/div>\n\t\t\t\t\t\t\t\t\t\t\t\t\t\t\t<div class=\"wd-gallery-item  col-lg-20_0 col-md-3 col-6\">\n\t\t\t\t\t\t\t\t\t\t\t\t\t<a  href=\"https:\/\/masazasara.com\/wp-content\/uploads\/2023\/12\/salon-za-masazu-Sara-6.jpeg\"data-width=\"738\" data-height=\"1599\" data-index=\"3\" data-elementor-open-lightbox=\"no\">\n\t\t\t\t\t\t\n\t\t\t\t\t\t<img decoding=\"async\" src=\"https:\/\/masazasara.com\/wp-content\/uploads\/2023\/12\/salon-za-masazu-Sara-6-369x800.jpeg\"alt=\"salon-za-masazu-Sara-6\">\n\t\t\t\t\t\t\t\t\t\t\t\t\t<\/a>\n\t\t\t\t\t\t\t\t\t\t\t<\/div>\n\t\t\t\t\t\t\t\t\t\t\t\t\t\t\t<div class=\"wd-gallery-item  col-lg-20_0 col-md-3 col-6\">\n\t\t\t\t\t\t\t\t\t\t\t\t\t<a  href=\"https:\/\/masazasara.com\/wp-content\/uploads\/2023\/12\/salon-za-masazu-Sara-4.jpeg\"data-width=\"738\" data-height=\"1599\" data-index=\"4\" data-elementor-open-lightbox=\"no\">\n\t\t\t\t\t\t\n\t\t\t\t\t\t<img decoding=\"async\" src=\"https:\/\/masazasara.com\/wp-content\/uploads\/2023\/12\/salon-za-masazu-Sara-4-369x800.jpeg\"alt=\"salon-za-masazu-Sara-4\">\n\t\t\t\t\t\t\t\t\t\t\t\t\t<\/a>\n\t\t\t\t\t\t\t\t\t\t\t<\/div>\n\t\t\t\t\t\t\t\t\t\t\t\t\t\t\t<div class=\"wd-gallery-item  col-lg-20_0 col-md-3 col-6\">\n\t\t\t\t\t\t\t\t\t\t\t\t\t<a  href=\"https:\/\/masazasara.com\/wp-content\/uploads\/2023\/12\/salon-za-masazu-Sara-5.jpeg\"data-width=\"738\" data-height=\"1599\" data-index=\"5\" data-elementor-open-lightbox=\"no\">\n\t\t\t\t\t\t\n\t\t\t\t\t\t<img decoding=\"async\" src=\"https:\/\/masazasara.com\/wp-content\/uploads\/2023\/12\/salon-za-masazu-Sara-5-369x800.jpeg\"alt=\"salon-za-masazu-Sara-5\">\n\t\t\t\t\t\t\t\t\t\t\t\t\t<\/a>\n\t\t\t\t\t\t\t\t\t\t\t<\/div>\n\t\t\t\t\t\t\t\t\t\t\t\t\t\t\t<div class=\"wd-gallery-item  col-lg-20_0 col-md-3 col-6\">\n\t\t\t\t\t\t\t\t\t\t\t\t\t<a  href=\"https:\/\/masazasara.com\/wp-content\/uploads\/2023\/12\/salon-za-masazu-Sara-3.jpeg\"data-width=\"1599\" data-height=\"899\" data-index=\"6\" data-elementor-open-lightbox=\"no\">\n\t\t\t\t\t\t\n\t\t\t\t\t\t<img decoding=\"async\" src=\"https:\/\/masazasara.com\/wp-content\/uploads\/2023\/12\/salon-za-masazu-Sara-3-1300x731.jpeg\"alt=\"salon-za-masazu-Sara-3\">\n\t\t\t\t\t\t\t\t\t\t\t\t\t<\/a>\n\t\t\t\t\t\t\t\t\t\t\t<\/div>\n\t\t\t\t\t\t\t\t\t\t\t\t\t\t\t<div class=\"wd-gallery-item  col-lg-20_0 col-md-3 col-6\">\n\t\t\t\t\t\t\t\t\t\t\t\t\t<a  href=\"https:\/\/masazasara.com\/wp-content\/uploads\/2023\/12\/salon-za-masazu-Sara-7.jpeg\"data-width=\"1599\" data-height=\"738\" data-index=\"7\" data-elementor-open-lightbox=\"no\">\n\t\t\t\t\t\t\n\t\t\t\t\t\t<img decoding=\"async\" src=\"https:\/\/masazasara.com\/wp-content\/uploads\/2023\/12\/salon-za-masazu-Sara-7-1300x600.jpeg\"alt=\"salon-za-masazu-Sara-7\">\n\t\t\t\t\t\t\t\t\t\t\t\t\t<\/a>\n\t\t\t\t\t\t\t\t\t\t\t<\/div>\n\t\t\t\t\t\t\t\t<\/div>\n\t\t<\/div>\n\t\t\t\t\t\t<\/div>\n\t\t\t\t<\/div>\n\t\t\t\t<\/div>\n\t\t<div class=\"elementor-element elementor-element-d8e8395 e-con-full e-flex wd-section-disabled e-con e-child\" data-id=\"d8e8395\" data-element_type=\"container\" data-e-type=\"container\">\n\t\t\t\t<\/div>\n\t\t\t\t\t<\/div>\n\t\t\t\t<\/div>\n\t\t\t\t<\/div>\n\t\t","protected":false},"excerpt":{"rendered":"<p>Salon Sara je saveznik mnogima\u00a0 u njihovoj \u017eelji za negovanim i zdravim izgledom. Svakom klijentu pristupamo individualno i srda\u010dno, pru\u017ee\u0107i<\/p>\n","protected":false},"author":1,"featured_media":0,"parent":0,"menu_order":0,"comment_status":"closed","ping_status":"closed","template":"elementor_header_footer","meta":{"footnotes":""},"class_list":["post-15631","page","type-page","status-publish","hentry"],"_links":{"self":[{"href":"https:\/\/masazasara.com\/index.php\/wp-json\/wp\/v2\/pages\/15631","targetHints":{"allow":["GET"]}}],"collection":[{"href":"https:\/\/masazasara.com\/index.php\/wp-json\/wp\/v2\/pages"}],"about":[{"href":"https:\/\/masazasara.com\/index.php\/wp-json\/wp\/v2\/types\/page"}],"author":[{"embeddable":true,"href":"https:\/\/masazasara.com\/index.php\/wp-json\/wp\/v2\/users\/1"}],"replies":[{"embeddable":true,"href":"https:\/\/masazasara.com\/index.php\/wp-json\/wp\/v2\/comments?post=15631"}],"version-history":[{"count":7,"href":"https:\/\/masazasara.com\/index.php\/wp-json\/wp\/v2\/pages\/15631\/revisions"}],"predecessor-version":[{"id":15646,"href":"https:\/\/masazasara.com\/index.php\/wp-json\/wp\/v2\/pages\/15631\/revisions\/15646"}],"wp:attachment":[{"href":"https:\/\/masazasara.com\/index.php\/wp-json\/wp\/v2\/media?parent=15631"}],"curies":[{"name":"wp","href":"https:\/\/api.w.org\/{rel}","templated":true}]}}