{"id":15710,"date":"2023-12-29T16:02:37","date_gmt":"2023-12-29T16:02:37","guid":{"rendered":"https:\/\/masazasara.com\/?page_id=15710"},"modified":"2023-12-29T16:36:32","modified_gmt":"2023-12-29T16:36:32","slug":"tantra-tantricka-masaza","status":"publish","type":"page","link":"https:\/\/masazasara.com\/index.php\/tantra-tantricka-masaza\/","title":{"rendered":"Tantra (Tantri\u010dka masa\u017ea)"},"content":{"rendered":"\t\t<div data-elementor-type=\"wp-page\" data-elementor-id=\"15710\" class=\"elementor elementor-15710\">\n\t\t\t\t<div class=\"elementor-element elementor-element-cca3ab8 e-flex e-con-boxed wd-section-disabled e-con e-parent\" data-id=\"cca3ab8\" data-element_type=\"container\" data-e-type=\"container\">\n\t\t\t\t\t<div class=\"e-con-inner\">\n\t\t\t\t<div class=\"elementor-element elementor-element-f9099d9 elementor-widget elementor-widget-wd_text_block\" data-id=\"f9099d9\" data-element_type=\"widget\" data-e-type=\"widget\" data-widget_type=\"wd_text_block.default\">\n\t\t\t\t<div class=\"elementor-widget-container\">\n\t\t\t\t\t\t\t<div class=\"wd-text-block reset-last-child text-left\">\n\t\t\t\n\t\t\t<p>Izvorna tantra ili tantri\u010dka masa\u017ea podrazumeva poznavanje energetskih kanala na telu kroz koje \u2013 po u\u010denju taoisti\u010dkih filosofa \u2013 prolazi \u017eivotna energija KI. Tako\u0111e, podrazumeva poznavanje uloge i funkcije svih \u010dakri u na\u0161em telu i njihov\u00a0 me\u0111usobni uticaj u zavisnosti od spolja\u0161njih i unutra\u0161njih uticaja sublimiranih sa akupresurnim ta\u010dkama na na\u0161em telu. U ovoj masa\u017ei se celo telo masira opu\u0161taju\u0107im tehnikama, sa akcentom na akupresurne ta\u010dke i meridijane koji se nalaze u regiji odre\u0111enih zona tela, pri \u010demu u erogenim zonama primenjujemo drevne tantri\u010dke tehnike vo\u0111enja me\u0111usobne energije koja razbija energetske blokade u telu i kao nijedna druga masa\u017ea omogu\u0107ava da opustite i telo i duh uz obavezan pro\u010di\u0161\u0107en orgazmi\u010dki talas koji Vam preplavi \u010ditavo telo pred kraj masa\u017ee, izuzetno sna\u017ean.<\/p>\n\t\t\t\t\t<\/div>\n\t\t\t\t\t\t<\/div>\n\t\t\t\t<\/div>\n\t\t\t\t\t<\/div>\n\t\t\t\t<\/div>\n\t\t\t\t<\/div>\n\t\t","protected":false},"excerpt":{"rendered":"<p>Izvorna tantra ili tantri\u010dka masa\u017ea podrazumeva poznavanje energetskih kanala na telu kroz koje \u2013 po u\u010denju taoisti\u010dkih filosofa \u2013 prolazi<\/p>\n","protected":false},"author":1,"featured_media":0,"parent":0,"menu_order":0,"comment_status":"closed","ping_status":"closed","template":"elementor_header_footer","meta":{"footnotes":""},"class_list":["post-15710","page","type-page","status-publish","hentry"],"_links":{"self":[{"href":"https:\/\/masazasara.com\/index.php\/wp-json\/wp\/v2\/pages\/15710","targetHints":{"allow":["GET"]}}],"collection":[{"href":"https:\/\/masazasara.com\/index.php\/wp-json\/wp\/v2\/pages"}],"about":[{"href":"https:\/\/masazasara.com\/index.php\/wp-json\/wp\/v2\/types\/page"}],"author":[{"embeddable":true,"href":"https:\/\/masazasara.com\/index.php\/wp-json\/wp\/v2\/users\/1"}],"replies":[{"embeddable":true,"href":"https:\/\/masazasara.com\/index.php\/wp-json\/wp\/v2\/comments?post=15710"}],"version-history":[{"count":7,"href":"https:\/\/masazasara.com\/index.php\/wp-json\/wp\/v2\/pages\/15710\/revisions"}],"predecessor-version":[{"id":15814,"href":"https:\/\/masazasara.com\/index.php\/wp-json\/wp\/v2\/pages\/15710\/revisions\/15814"}],"wp:attachment":[{"href":"https:\/\/masazasara.com\/index.php\/wp-json\/wp\/v2\/media?parent=15710"}],"curies":[{"name":"wp","href":"https:\/\/api.w.org\/{rel}","templated":true}]}}